{"version":"1.0","provider_name":"Concello da Guarda","provider_url":"https:\/\/www.aguarda.es\/en\/","author_name":"prensa","author_url":"https:\/\/www.aguarda.es\/en\/author\/prensa\/","title":"Risos e emoci\u00f3n mest\u00faranse nas actividades conmemorativas do D\u00eda internacional das Mulleres - Concello da Guarda","type":"rich","width":600,"height":338,"html":"<blockquote class=\"wp-embedded-content\" data-secret=\"gH5lk0G1kK\"><a href=\"https:\/\/www.aguarda.es\/en\/cim-elisa-e-marcela-femininoplural\/\">Risos e emoci\u00f3n mest\u00faranse nas actividades conmemorativas do D\u00eda internacional das Mulleres<\/a><\/blockquote><iframe sandbox=\"allow-scripts\" security=\"restricted\" src=\"https:\/\/www.aguarda.es\/en\/cim-elisa-e-marcela-femininoplural\/embed\/#?secret=gH5lk0G1kK\" width=\"600\" height=\"338\" title=\"&#8220;Risos e emoci\u00f3n mest\u00faranse nas actividades conmemorativas do D\u00eda internacional das Mulleres&#8221; &#8212; Concello da Guarda\" data-secret=\"gH5lk0G1kK\" frameborder=\"0\" marginwidth=\"0\" marginheight=\"0\" scrolling=\"no\" class=\"wp-embedded-content\"><\/iframe><script type=\"text\/javascript\">\n\/*! This file is auto-generated *\/\n!function(c,l){\"use strict\";var e=!1,o=!1;if(l.querySelector)if(c.addEventListener)e=!0;if(c.wp=c.wp||{},c.wp.receiveEmbedMessage);else if(c.wp.receiveEmbedMessage=function(e){var t=e.data;if(!t);else if(!(t.secret||t.message||t.value));else if(\/[^a-zA-Z0-9]\/.test(t.secret));else{for(var r,s,a,i=l.querySelectorAll('iframe[data-secret=\"'+t.secret+'\"]'),n=l.querySelectorAll('blockquote[data-secret=\"'+t.secret+'\"]'),o=0;o<n.length;o++)n[o].style.display=\"none\";for(o=0;o<i.length;o++)if(r=i[o],e.source!==r.contentWindow);else{if(r.removeAttribute(\"style\"),\"height\"===t.message){if(1e3<(s=parseInt(t.value,10)))s=1e3;else if(~~s<200)s=200;r.height=s}if(\"link\"===t.message)if(s=l.createElement(\"a\"),a=l.createElement(\"a\"),s.href=r.getAttribute(\"src\"),a.href=t.value,a.host===s.host)if(l.activeElement===r)c.top.location.href=t.value}}},e)c.addEventListener(\"message\",c.wp.receiveEmbedMessage,!1),l.addEventListener(\"DOMContentLoaded\",t,!1),c.addEventListener(\"load\",t,!1);function t(){if(o);else{o=!0;for(var e,t,r,s=-1!==navigator.appVersion.indexOf(\"MSIE 10\"),a=!!navigator.userAgent.match(\/Trident.*rv:11\\.\/),i=l.querySelectorAll(\"iframe.wp-embedded-content\"),n=0;n<i.length;n++){if(!(r=(t=i[n]).getAttribute(\"data-secret\")))r=Math.random().toString(36).substr(2,10),t.src+=\"#?secret=\"+r,t.setAttribute(\"data-secret\",r);if(s||a)(e=t.cloneNode(!0)).removeAttribute(\"security\"),t.parentNode.replaceChild(e,t);t.contentWindow.postMessage({message:\"ready\",secret:r},\"*\")}}}}(window,document);\n<\/script>\n","thumbnail_url":"https:\/\/www.aguarda.es\/wp-content\/uploads\/2018\/03\/Disen\u0303o-sin-ti\u0301tulo_opt.png","thumbnail_width":700,"thumbnail_height":389,"description":"A programaci\u00f3n cultural conmemorativa do D\u00eda Internacional das Mulleres, organizada polo Centro de Informaci\u00f3n \u00e1s Mulleres (CIM) do Concello da Guarda, finalizou na noiti\u00f1a do 22 de marzo coa obra de teatro \u00abElisa e Marcela\u00bb, que ateigou o sal\u00f3n de &hellip;"}

Risos e emoción mestúranse nas actividades conmemorativas do Día internacional das Mulleres - Concello da Guarda

<blockquote class="wp-embedded-content" data-secret="gH5lk0G1kK"><a href="https://www.aguarda.es/en/cim-elisa-e-marcela-femininoplural/">Risos e emoción mestúranse nas actividades conmemorativas do Día internacional das Mulleres</a></blockquote><iframe sandbox="allow-scripts" security="restricted" src="https://www.aguarda.es/en/cim-elisa-e-marcela-femininoplural/embed/#?secret=gH5lk0G1kK" width="600" height="338" title="&#8220;Risos e emoción mestúranse nas actividades conmemorativas do Día internacional das Mulleres&#8221; &#8212; Concello da Guarda" data-secret="gH5lk0G1kK" frameborder="0" marginwidth="0" marginheight="0" scrolling="no" class="wp-embedded-content"></iframe><script type="text/javascript">
/*! This file is auto-generated */
!function(c,l){"use strict";var e=!1,o=!1;if(l.querySelector)if(c.addEventListener)e=!0;if(c.wp=c.wp||{},c.wp.receiveEmbedMessage);else if(c.wp.receiveEmbedMessage=function(e){var t=e.data;if(!t);else if(!(t.secret||t.message||t.value));else if(/[^a-zA-Z0-9]/.test(t.secret));else{for(var r,s,a,i=l.querySelectorAll('iframe[data-secret="'+t.secret+'"]'),n=l.querySelectorAll('blockquote[data-secret="'+t.secret+'"]'),o=0;o<n.length;o++)n[o].style.display="none";for(o=0;o<i.length;o++)if(r=i[o],e.source!==r.contentWindow);else{if(r.removeAttribute("style"),"height"===t.message){if(1e3<(s=parseInt(t.value,10)))s=1e3;else if(~~s<200)s=200;r.height=s}if("link"===t.message)if(s=l.createElement("a"),a=l.createElement("a"),s.href=r.getAttribute("src"),a.href=t.value,a.host===s.host)if(l.activeElement===r)c.top.location.href=t.value}}},e)c.addEventListener("message",c.wp.receiveEmbedMessage,!1),l.addEventListener("DOMContentLoaded",t,!1),c.addEventListener("load",t,!1);function t(){if(o);else{o=!0;for(var e,t,r,s=-1!==navigator.appVersion.indexOf("MSIE 10"),a=!!navigator.userAgent.match(/Trident.*rv:11\./),i=l.querySelectorAll("iframe.wp-embedded-content"),n=0;n<i.length;n++){if(!(r=(t=i[n]).getAttribute("data-secret")))r=Math.random().toString(36).substr(2,10),t.src+="#?secret="+r,t.setAttribute("data-secret",r);if(s||a)(e=t.cloneNode(!0)).removeAttribute("security"),t.parentNode.replaceChild(e,t);t.contentWindow.postMessage({message:"ready",secret:r},"*")}}}}(window,document);
</script>

A programación cultural conmemorativa do Día Internacional das Mulleres, organizada polo Centro de Información ás Mulleres (CIM) do Concello da Guarda, finalizou na noitiña do 22 de marzo coa obra de teatro «Elisa e Marcela», que ateigou o salón de &hellip;
