{"version":"1.0","provider_name":"Concello da Guarda","provider_url":"https:\/\/www.aguarda.es\/en\/","author_name":"Cultura A Guarda","author_url":"https:\/\/www.aguarda.es\/en\/author\/cultura\/","title":"FESTIVAL DAS LETRAS GALEGAS - Concello da Guarda","type":"rich","width":600,"height":338,"html":"<blockquote class=\"wp-embedded-content\" data-secret=\"fqjJayHJxA\"><a href=\"https:\/\/www.aguarda.es\/en\/events\/festival-das-letras-galegas-2\/\">FESTIVAL DAS LETRAS GALEGAS<\/a><\/blockquote><iframe sandbox=\"allow-scripts\" security=\"restricted\" src=\"https:\/\/www.aguarda.es\/en\/events\/festival-das-letras-galegas-2\/embed\/#?secret=fqjJayHJxA\" width=\"600\" height=\"338\" title=\"&#8220;FESTIVAL DAS LETRAS GALEGAS&#8221; &#8212; Concello da Guarda\" data-secret=\"fqjJayHJxA\" frameborder=\"0\" marginwidth=\"0\" marginheight=\"0\" scrolling=\"no\" class=\"wp-embedded-content\"><\/iframe><script type=\"text\/javascript\">\n\/*! This file is auto-generated *\/\n!function(c,l){\"use strict\";var e=!1,o=!1;if(l.querySelector)if(c.addEventListener)e=!0;if(c.wp=c.wp||{},c.wp.receiveEmbedMessage);else if(c.wp.receiveEmbedMessage=function(e){var t=e.data;if(!t);else if(!(t.secret||t.message||t.value));else if(\/[^a-zA-Z0-9]\/.test(t.secret));else{for(var r,s,a,i=l.querySelectorAll('iframe[data-secret=\"'+t.secret+'\"]'),n=l.querySelectorAll('blockquote[data-secret=\"'+t.secret+'\"]'),o=0;o<n.length;o++)n[o].style.display=\"none\";for(o=0;o<i.length;o++)if(r=i[o],e.source!==r.contentWindow);else{if(r.removeAttribute(\"style\"),\"height\"===t.message){if(1e3<(s=parseInt(t.value,10)))s=1e3;else if(~~s<200)s=200;r.height=s}if(\"link\"===t.message)if(s=l.createElement(\"a\"),a=l.createElement(\"a\"),s.href=r.getAttribute(\"src\"),a.href=t.value,a.host===s.host)if(l.activeElement===r)c.top.location.href=t.value}}},e)c.addEventListener(\"message\",c.wp.receiveEmbedMessage,!1),l.addEventListener(\"DOMContentLoaded\",t,!1),c.addEventListener(\"load\",t,!1);function t(){if(o);else{o=!0;for(var e,t,r,s=-1!==navigator.appVersion.indexOf(\"MSIE 10\"),a=!!navigator.userAgent.match(\/Trident.*rv:11\\.\/),i=l.querySelectorAll(\"iframe.wp-embedded-content\"),n=0;n<i.length;n++){if(!(r=(t=i[n]).getAttribute(\"data-secret\")))r=Math.random().toString(36).substr(2,10),t.src+=\"#?secret=\"+r,t.setAttribute(\"data-secret\",r);if(s||a)(e=t.cloneNode(!0)).removeAttribute(\"security\"),t.parentNode.replaceChild(e,t);t.contentWindow.postMessage({message:\"ready\",secret:r},\"*\")}}}}(window,document);\n<\/script>\n","thumbnail_url":"https:\/\/www.aguarda.es\/wp-content\/uploads\/2023\/05\/NP-12052023-Festival-de-musica-e-baile-para-festexar-o-Dia-das-Letras-Galegas-na-Guarda.jpg","thumbnail_width":800,"thumbnail_height":1131,"description":"Acto de homenaxe \u00e1s Letras Galegas e ao autor escollido pola Real Academia da Lingua para esta celebraci\u00f3n. Que neste 2023 foi Francisco Fern\u00e1ndez del Riego Este homenaxe \u00e9 realizado polas diferentes asociaci\u00f3ns da vila, encabezadas pola Agrupaci\u00f3n Cultural guardesa &hellip;"}

Acto de homenaxe ás Letras Galegas e ao autor escollido pola Real Academia da Lingua para esta celebración. Que neste 2023 foi Francisco Fernández del Riego Este homenaxe é realizado polas diferentes asociacións da vila, encabezadas pola Agrupación Cultural guardesa &hellip;
