{"version":"1.0","provider_name":"Concello da Guarda","provider_url":"https:\/\/www.aguarda.es\/en\/","author_name":"Cultura A Guarda","author_url":"https:\/\/www.aguarda.es\/en\/author\/cultura\/","title":"TEATRO: IPHIXENIA NA PORTA DO S\u00daPER - Concello da Guarda","type":"rich","width":600,"height":338,"html":"<blockquote class=\"wp-embedded-content\" data-secret=\"Vm71sr6e7W\"><a href=\"https:\/\/www.aguarda.es\/en\/events\/teatro-iphixenia-na-porta-do-super\/\">TEATRO: IPHIXENIA NA PORTA DO S\u00daPER<\/a><\/blockquote><iframe sandbox=\"allow-scripts\" security=\"restricted\" src=\"https:\/\/www.aguarda.es\/en\/events\/teatro-iphixenia-na-porta-do-super\/embed\/#?secret=Vm71sr6e7W\" width=\"600\" height=\"338\" title=\"&#8220;TEATRO: IPHIXENIA NA PORTA DO S\u00daPER&#8221; &#8212; Concello da Guarda\" data-secret=\"Vm71sr6e7W\" frameborder=\"0\" marginwidth=\"0\" marginheight=\"0\" scrolling=\"no\" class=\"wp-embedded-content\"><\/iframe><script type=\"text\/javascript\">\n\/*! This file is auto-generated *\/\n!function(c,l){\"use strict\";var e=!1,o=!1;if(l.querySelector)if(c.addEventListener)e=!0;if(c.wp=c.wp||{},c.wp.receiveEmbedMessage);else if(c.wp.receiveEmbedMessage=function(e){var t=e.data;if(!t);else if(!(t.secret||t.message||t.value));else if(\/[^a-zA-Z0-9]\/.test(t.secret));else{for(var r,s,a,i=l.querySelectorAll('iframe[data-secret=\"'+t.secret+'\"]'),n=l.querySelectorAll('blockquote[data-secret=\"'+t.secret+'\"]'),o=0;o<n.length;o++)n[o].style.display=\"none\";for(o=0;o<i.length;o++)if(r=i[o],e.source!==r.contentWindow);else{if(r.removeAttribute(\"style\"),\"height\"===t.message){if(1e3<(s=parseInt(t.value,10)))s=1e3;else if(~~s<200)s=200;r.height=s}if(\"link\"===t.message)if(s=l.createElement(\"a\"),a=l.createElement(\"a\"),s.href=r.getAttribute(\"src\"),a.href=t.value,a.host===s.host)if(l.activeElement===r)c.top.location.href=t.value}}},e)c.addEventListener(\"message\",c.wp.receiveEmbedMessage,!1),l.addEventListener(\"DOMContentLoaded\",t,!1),c.addEventListener(\"load\",t,!1);function t(){if(o);else{o=!0;for(var e,t,r,s=-1!==navigator.appVersion.indexOf(\"MSIE 10\"),a=!!navigator.userAgent.match(\/Trident.*rv:11\\.\/),i=l.querySelectorAll(\"iframe.wp-embedded-content\"),n=0;n<i.length;n++){if(!(r=(t=i[n]).getAttribute(\"data-secret\")))r=Math.random().toString(36).substr(2,10),t.src+=\"#?secret=\"+r,t.setAttribute(\"data-secret\",r);if(s||a)(e=t.cloneNode(!0)).removeAttribute(\"security\"),t.parentNode.replaceChild(e,t);t.contentWindow.postMessage({message:\"ready\",secret:r},\"*\")}}}}(window,document);\n<\/script>\n","thumbnail_url":"https:\/\/www.aguarda.es\/wp-content\/uploads\/2023\/11\/fhixenia-imprimir-a-4.jpg","thumbnail_width":1123,"thumbnail_height":794,"description":"O 25 de novembro \u00e1s 20:30 h no Centro Cultural. Iphixenia na porta do s\u00faper \u00e9 unha revisi\u00f3n contempor\u00e1nea do mito cl\u00e1sico de Eur\u00edpides. Unha brillante versi\u00f3n premiada como mellor texto do 2015 nos UK Theatre Awards for Best New &hellip;"}

TEATRO: IPHIXENIA NA PORTA DO SÚPER - Concello da Guarda

<blockquote class="wp-embedded-content" data-secret="Vm71sr6e7W"><a href="https://www.aguarda.es/en/events/teatro-iphixenia-na-porta-do-super/">TEATRO: IPHIXENIA NA PORTA DO SÚPER</a></blockquote><iframe sandbox="allow-scripts" security="restricted" src="https://www.aguarda.es/en/events/teatro-iphixenia-na-porta-do-super/embed/#?secret=Vm71sr6e7W" width="600" height="338" title="&#8220;TEATRO: IPHIXENIA NA PORTA DO SÚPER&#8221; &#8212; Concello da Guarda" data-secret="Vm71sr6e7W" frameborder="0" marginwidth="0" marginheight="0" scrolling="no" class="wp-embedded-content"></iframe><script type="text/javascript">
/*! This file is auto-generated */
!function(c,l){"use strict";var e=!1,o=!1;if(l.querySelector)if(c.addEventListener)e=!0;if(c.wp=c.wp||{},c.wp.receiveEmbedMessage);else if(c.wp.receiveEmbedMessage=function(e){var t=e.data;if(!t);else if(!(t.secret||t.message||t.value));else if(/[^a-zA-Z0-9]/.test(t.secret));else{for(var r,s,a,i=l.querySelectorAll('iframe[data-secret="'+t.secret+'"]'),n=l.querySelectorAll('blockquote[data-secret="'+t.secret+'"]'),o=0;o<n.length;o++)n[o].style.display="none";for(o=0;o<i.length;o++)if(r=i[o],e.source!==r.contentWindow);else{if(r.removeAttribute("style"),"height"===t.message){if(1e3<(s=parseInt(t.value,10)))s=1e3;else if(~~s<200)s=200;r.height=s}if("link"===t.message)if(s=l.createElement("a"),a=l.createElement("a"),s.href=r.getAttribute("src"),a.href=t.value,a.host===s.host)if(l.activeElement===r)c.top.location.href=t.value}}},e)c.addEventListener("message",c.wp.receiveEmbedMessage,!1),l.addEventListener("DOMContentLoaded",t,!1),c.addEventListener("load",t,!1);function t(){if(o);else{o=!0;for(var e,t,r,s=-1!==navigator.appVersion.indexOf("MSIE 10"),a=!!navigator.userAgent.match(/Trident.*rv:11\./),i=l.querySelectorAll("iframe.wp-embedded-content"),n=0;n<i.length;n++){if(!(r=(t=i[n]).getAttribute("data-secret")))r=Math.random().toString(36).substr(2,10),t.src+="#?secret="+r,t.setAttribute("data-secret",r);if(s||a)(e=t.cloneNode(!0)).removeAttribute("security"),t.parentNode.replaceChild(e,t);t.contentWindow.postMessage({message:"ready",secret:r},"*")}}}}(window,document);
</script>

O 25 de novembro ás 20:30 h no Centro Cultural. Iphixenia na porta do súper é unha revisión contemporánea do mito clásico de Eurípides. Unha brillante versión premiada como mellor texto do 2015 nos UK Theatre Awards for Best New &hellip;
