{"version":"1.0","provider_name":"Concello da Guarda","provider_url":"https:\/\/www.aguarda.es\/en\/","author_name":"prensa","author_url":"https:\/\/www.aguarda.es\/en\/author\/prensa\/","title":"Presentaci\u00f3n do libro das Festas do Monte 2020 - Concello da Guarda","type":"rich","width":600,"height":338,"html":"<blockquote class=\"wp-embedded-content\" data-secret=\"lmtIaSn4Q0\"><a href=\"https:\/\/www.aguarda.es\/en\/presentacion-do-libro-das-festas-do-monte-2020\/\">Presentaci\u00f3n do libro das Festas do Monte 2020<\/a><\/blockquote><iframe sandbox=\"allow-scripts\" security=\"restricted\" src=\"https:\/\/www.aguarda.es\/en\/presentacion-do-libro-das-festas-do-monte-2020\/embed\/#?secret=lmtIaSn4Q0\" width=\"600\" height=\"338\" title=\"&#8220;Presentaci\u00f3n do libro das Festas do Monte 2020&#8221; &#8212; Concello da Guarda\" data-secret=\"lmtIaSn4Q0\" frameborder=\"0\" marginwidth=\"0\" marginheight=\"0\" scrolling=\"no\" class=\"wp-embedded-content\"><\/iframe><script type=\"text\/javascript\">\n\/*! This file is auto-generated *\/\n!function(c,l){\"use strict\";var e=!1,o=!1;if(l.querySelector)if(c.addEventListener)e=!0;if(c.wp=c.wp||{},c.wp.receiveEmbedMessage);else if(c.wp.receiveEmbedMessage=function(e){var t=e.data;if(!t);else if(!(t.secret||t.message||t.value));else if(\/[^a-zA-Z0-9]\/.test(t.secret));else{for(var r,s,a,i=l.querySelectorAll('iframe[data-secret=\"'+t.secret+'\"]'),n=l.querySelectorAll('blockquote[data-secret=\"'+t.secret+'\"]'),o=0;o<n.length;o++)n[o].style.display=\"none\";for(o=0;o<i.length;o++)if(r=i[o],e.source!==r.contentWindow);else{if(r.removeAttribute(\"style\"),\"height\"===t.message){if(1e3<(s=parseInt(t.value,10)))s=1e3;else if(~~s<200)s=200;r.height=s}if(\"link\"===t.message)if(s=l.createElement(\"a\"),a=l.createElement(\"a\"),s.href=r.getAttribute(\"src\"),a.href=t.value,a.host===s.host)if(l.activeElement===r)c.top.location.href=t.value}}},e)c.addEventListener(\"message\",c.wp.receiveEmbedMessage,!1),l.addEventListener(\"DOMContentLoaded\",t,!1),c.addEventListener(\"load\",t,!1);function t(){if(o);else{o=!0;for(var e,t,r,s=-1!==navigator.appVersion.indexOf(\"MSIE 10\"),a=!!navigator.userAgent.match(\/Trident.*rv:11\\.\/),i=l.querySelectorAll(\"iframe.wp-embedded-content\"),n=0;n<i.length;n++){if(!(r=(t=i[n]).getAttribute(\"data-secret\")))r=Math.random().toString(36).substr(2,10),t.src+=\"#?secret=\"+r,t.setAttribute(\"data-secret\",r);if(s||a)(e=t.cloneNode(!0)).removeAttribute(\"security\"),t.parentNode.replaceChild(e,t);t.contentWindow.postMessage({message:\"ready\",secret:r},\"*\")}}}}(window,document);\n<\/script>\n","thumbnail_url":"https:\/\/www.aguarda.es\/wp-content\/uploads\/2020\/07\/NP-30072020-Presentaci\u00f3n-do-libro-das-Festas-do-Monte-2020-1.jpg","thumbnail_width":800,"thumbnail_height":533,"description":"[vc_row][vc_column][vc_column_text] Como xa se anunciou en datas pasadas, este ano as Festas do Monte Santa Trega est\u00e1n suspendidas, non se realizar\u00e1n verbenas, desfiles, romar\u00edas nin fogos artificiais, ante as medidas de seguridade hixiene e sa\u00fade p\u00fablica decretadas. Na ma\u00f1\u00e1 deste &hellip;"}

Presentación do libro das Festas do Monte 2020 - Concello da Guarda

<blockquote class="wp-embedded-content" data-secret="lmtIaSn4Q0"><a href="https://www.aguarda.es/en/presentacion-do-libro-das-festas-do-monte-2020/">Presentación do libro das Festas do Monte 2020</a></blockquote><iframe sandbox="allow-scripts" security="restricted" src="https://www.aguarda.es/en/presentacion-do-libro-das-festas-do-monte-2020/embed/#?secret=lmtIaSn4Q0" width="600" height="338" title="&#8220;Presentación do libro das Festas do Monte 2020&#8221; &#8212; Concello da Guarda" data-secret="lmtIaSn4Q0" frameborder="0" marginwidth="0" marginheight="0" scrolling="no" class="wp-embedded-content"></iframe><script type="text/javascript">
/*! This file is auto-generated */
!function(c,l){"use strict";var e=!1,o=!1;if(l.querySelector)if(c.addEventListener)e=!0;if(c.wp=c.wp||{},c.wp.receiveEmbedMessage);else if(c.wp.receiveEmbedMessage=function(e){var t=e.data;if(!t);else if(!(t.secret||t.message||t.value));else if(/[^a-zA-Z0-9]/.test(t.secret));else{for(var r,s,a,i=l.querySelectorAll('iframe[data-secret="'+t.secret+'"]'),n=l.querySelectorAll('blockquote[data-secret="'+t.secret+'"]'),o=0;o<n.length;o++)n[o].style.display="none";for(o=0;o<i.length;o++)if(r=i[o],e.source!==r.contentWindow);else{if(r.removeAttribute("style"),"height"===t.message){if(1e3<(s=parseInt(t.value,10)))s=1e3;else if(~~s<200)s=200;r.height=s}if("link"===t.message)if(s=l.createElement("a"),a=l.createElement("a"),s.href=r.getAttribute("src"),a.href=t.value,a.host===s.host)if(l.activeElement===r)c.top.location.href=t.value}}},e)c.addEventListener("message",c.wp.receiveEmbedMessage,!1),l.addEventListener("DOMContentLoaded",t,!1),c.addEventListener("load",t,!1);function t(){if(o);else{o=!0;for(var e,t,r,s=-1!==navigator.appVersion.indexOf("MSIE 10"),a=!!navigator.userAgent.match(/Trident.*rv:11\./),i=l.querySelectorAll("iframe.wp-embedded-content"),n=0;n<i.length;n++){if(!(r=(t=i[n]).getAttribute("data-secret")))r=Math.random().toString(36).substr(2,10),t.src+="#?secret="+r,t.setAttribute("data-secret",r);if(s||a)(e=t.cloneNode(!0)).removeAttribute("security"),t.parentNode.replaceChild(e,t);t.contentWindow.postMessage({message:"ready",secret:r},"*")}}}}(window,document);
</script>

https://www.aguarda.es/wp-content/uploads/2020/07/NP-30072020-Presentación-do-libro-das-Festas-do-Monte-2020-1.jpg

[vc_row][vc_column][vc_column_text] Como xa se anunciou en datas pasadas, este ano as Festas do Monte Santa Trega están suspendidas, non se realizarán verbenas, desfiles, romarías nin fogos artificiais, ante as medidas de seguridade hixiene e saúde pública decretadas. Na mañá deste &hellip;
